{"id":42,"date":"2022-12-30T13:56:04","date_gmt":"2022-12-30T13:56:04","guid":{"rendered":"https:\/\/sgp.rzeszow.pl\/?page_id=42"},"modified":"2026-04-02T03:56:27","modified_gmt":"2026-04-02T03:56:27","slug":"o_nas","status":"publish","type":"page","link":"https:\/\/sgp.rzeszow.pl\/index.php\/o_nas\/","title":{"rendered":"Sk\u0142ad Zarz\u0105du Oddzia\u0142u SGP w Rzeszowie"},"content":{"rendered":"\n<p><\/p>\n\n\n\n<p>Prezes Oddzia\u0142u : Robert Korzeniowski (od 20.03.2026r.)<\/p>\n\n\n\n<p>Osoby z wyboru imiennego:<\/p>\n\n\n\n<ol class=\"wp-block-list\">\n<li>Monika Balawejder<\/li>\n\n\n\n<li>Jacek Fura<\/li>\n\n\n\n<li>Bogus\u0142awa Fac<\/li>\n\n\n\n<li>Zofia Walczyk<\/li>\n\n\n\n<li>Henryk Najdecki<\/li>\n\n\n\n<li>Zdzis\u0142aw Ob\u0142\u00f3j<\/li>\n\n\n\n<li>Dariusz Rzepka<\/li>\n<\/ol>\n\n\n\n<p><\/p>\n\n\n\n<p>Prezesi K\u00f3\u0142:<\/p>\n\n\n\n<ol class=\"wp-block-list\">\n<li>Marcin Strusi\u0144ski ko\u0142o nr 1 PBGiTR Rzesz\u00f3w<\/li>\n\n\n\n<li>Wiktor Miko\u0142ajczyk ko\u0142o nr 4 Jaros\u0142aw<\/li>\n\n\n\n<li>Miros\u0142awa Olbrycht &#8211; Gr\u0119bowiec ko\u0142o nr 5 Tarnobrzeg<\/li>\n\n\n\n<li>Waldemar Mazurek ko\u0142o nr 8 Mielec<\/li>\n\n\n\n<li>Jacek Fura ko\u0142o nr 9 NOT Rzesz\u00f3w<\/li>\n\n\n\n<li>Zofia Walczyk ko\u0142o nr 11 Ropczyce<\/li>\n\n\n\n<li>Justyna Koral ko\u0142o nr 15 Przemy\u015bl<\/li>\n\n\n\n<li>Edyta Miko\u0142ajczak ko\u0142o nr 16 Lesko<\/li>\n\n\n\n<li>Beata Salzberg \u2013 Marsza\u0142 ko\u0142o nr 19 Jaros\u0142aw<\/li>\n\n\n\n<li>Grzegorz Dominik ko\u0142o nr 26 Przeworsk<\/li>\n\n\n\n<li>Mieczys\u0142aw Kapustka ko\u0142o nr 28 D\u0119bica<\/li>\n<\/ol>\n\n\n\n<p><\/p>\n\n\n\n<p>Prezydium Zarz\u0105du Oddzia\u0142u:<\/p>\n\n\n\n<ol class=\"wp-block-list\">\n<li>Robert Korzeniowski \u2013 Prezes<\/li>\n\n\n\n<li>Monika Balawejder \u2013 Wiceprezes<\/li>\n\n\n\n<li>Jacek Fura \u2013 Wiceprezes<\/li>\n\n\n\n<li>Bogus\u0142awa Fac \u2013 Cz\u0142onek<\/li>\n\n\n\n<li>Beata Salzberg &#8211; Marsza\u0142 \u2013 Sekretarz<\/li>\n\n\n\n<li>Zofia Walczyk \u2013 Cz\u0142onek<\/li>\n\n\n\n<li>Henryk Najdecki \u2013 Cz\u0142onek<\/li>\n\n\n\n<li>Marcin Strusi\u0144ski \u2013 Cz\u0142onek <\/li>\n\n\n\n<li>Zdzis\u0142aw Ob\u0142\u00f3j \u2013 Cz\u0142onek <\/li>\n\n\n\n<li>Dariusz Rzepka &#8211; Cz\u0142onek<\/li>\n<\/ol>\n\n\n\n<p><\/p>\n\n\n\n<p>Komisja Rewizyjna:<\/p>\n\n\n\n<ol class=\"wp-block-list\">\n<li>Magdalena Walto\u015b \u2013 Przewodnicz\u0105ca<\/li>\n\n\n\n<li>Andrzej Fluda<\/li>\n\n\n\n<li>Micha\u0142 Zapa\u0142a<\/li>\n<\/ol>\n\n\n\n<p><\/p>\n\n\n\n<p>Oddzia\u0142owy S\u0105d Kole\u017ce\u0144ski:<\/p>\n\n\n\n<ol class=\"wp-block-list\">\n<li>Stanis\u0142aw Adamczyk\u2013 Przewodnicz\u0105cy<\/li>\n\n\n\n<li>Maria Piotrowska<\/li>\n\n\n\n<li>Jan Wilk<\/li>\n<\/ol>\n\n\n\n<p><\/p>\n\n\n\n<p>Cz\u0142onkowie Honorowi SGP:<\/p>\n\n\n\n<ol class=\"wp-block-list\">\n<li>Krzysztof Cisek<\/li>\n\n\n\n<li>Stanis\u0142aw G\u00f3rczy\u0144ski<\/li>\n\n\n\n<li>Irena Moskwa<\/li>\n\n\n\n<li>Marek Urbanek<\/li>\n<\/ol>\n\n\n\n<p>nr konta bankowego: <strong>62 1140 0026 0000 3522 2900 1024<\/strong> mBank V O. Korporacyjny Warszawa<\/p>\n\n\n\n<p><strong>Sk\u0142adki cz\u0142onkowskie od 1.01.2024 wynosz\u0105: <\/strong><\/p>\n\n\n\n<p>Cz\u0142onek zwyczajny: 15 z\u0142\/ miesi\u0105c, 180 z\u0142\/rok.<\/p>\n\n\n\n<p>Renci\u015bci i emeryci do 75 roku \u017cycia: 7 z\u0142\/miesi\u0105c, 84 z\u0142\/rok.<br>Studenci 3 z\u0142\/miesi\u0105c, 36 z\u0142\/rok.<\/p>\n\n\n\n<p>Emeryt\/rencista po 75 roku \u017cycia: zwolniony z op\u0142at.<\/p>\n","protected":false},"excerpt":{"rendered":"<p>Prezes Oddzia\u0142u : Robert Korzeniowski (od 20.03.2026r.) Osoby z wyboru imiennego: Prezesi K\u00f3\u0142: Prezydium Zarz\u0105du Oddzia\u0142u: Komisja Rewizyjna: Oddzia\u0142owy S\u0105d Kole\u017ce\u0144ski: Cz\u0142onkowie Honorowi SGP: nr konta bankowego: 62 1140 0026 0000 3522 2900 1024 mBank V O. Korporacyjny Warszawa Sk\u0142adki cz\u0142onkowskie od 1.01.2024 wynosz\u0105: Cz\u0142onek zwyczajny: 15 z\u0142\/ miesi\u0105c, 180 z\u0142\/rok. Renci\u015bci i emeryci do&hellip; <a class=\"more-link\" href=\"https:\/\/sgp.rzeszow.pl\/index.php\/o_nas\/\">Czytaj dalej <span class=\"screen-reader-text\">Sk\u0142ad Zarz\u0105du Oddzia\u0142u SGP w Rzeszowie<\/span><\/a><\/p>\n","protected":false},"author":1,"featured_media":0,"parent":0,"menu_order":0,"comment_status":"closed","ping_status":"closed","template":"","meta":{"footnotes":""},"class_list":["post-42","page","type-page","status-publish","hentry","entry"],"_links":{"self":[{"href":"https:\/\/sgp.rzeszow.pl\/index.php\/wp-json\/wp\/v2\/pages\/42","targetHints":{"allow":["GET"]}}],"collection":[{"href":"https:\/\/sgp.rzeszow.pl\/index.php\/wp-json\/wp\/v2\/pages"}],"about":[{"href":"https:\/\/sgp.rzeszow.pl\/index.php\/wp-json\/wp\/v2\/types\/page"}],"author":[{"embeddable":true,"href":"https:\/\/sgp.rzeszow.pl\/index.php\/wp-json\/wp\/v2\/users\/1"}],"replies":[{"embeddable":true,"href":"https:\/\/sgp.rzeszow.pl\/index.php\/wp-json\/wp\/v2\/comments?post=42"}],"version-history":[{"count":34,"href":"https:\/\/sgp.rzeszow.pl\/index.php\/wp-json\/wp\/v2\/pages\/42\/revisions"}],"predecessor-version":[{"id":704,"href":"https:\/\/sgp.rzeszow.pl\/index.php\/wp-json\/wp\/v2\/pages\/42\/revisions\/704"}],"wp:attachment":[{"href":"https:\/\/sgp.rzeszow.pl\/index.php\/wp-json\/wp\/v2\/media?parent=42"}],"curies":[{"name":"wp","href":"https:\/\/api.w.org\/{rel}","templated":true}]}}